
2
Let r(m) = -6*m. Let x be r(1). List the prime factors of 4/x + 70/6.
11
Let l(z) = z**2 + 23*z - 21. What are the prime factors of l(6)?
3, 17
Let y be (2 + (2 - -1))*1. Suppose 2*t + w + 0*w = -23, -3*t - y*w = 52. What are the prime factors of 1/((-3)/t) + 11?
2, 7
List the prime factors of 244 + -15 + (0 - (-4 - 0)).
233
Let h be (4*-5)/((-2)/3). Let j = h + 29. Suppose 21 + j = 5*z. List the prime factors of z.
2
Let y(t) = t**2 + t + 18. Let h be 0*(2 + (-6)/4). What are the prime factors of y(h)?
2, 3
Suppose 3*n = 4*l + 72, -49 + 198 = 5*n + 3*l. Suppose 3*w - 2*f - 42 = 0, 0*w - 2*w = 4*f - n. Suppose 20 = 2*g - w. What are the prime factors of g?
17
Let m(p) = 5*p - 4. Let w be m(7). Suppose -19 - w = 2*z. Let o = -16 - z. What are the prime factors of o?
3
Let m = -512 + 721. What are the prime factors of m?
11, 19
Suppose 0*w = w - 20. Suppose -10 = -3*k - 46. Let y = w + k. List the prime factors of y.
2
Let p(i) = i**3 + 6*i**2 - 6*i + 4. Let z be p(-7). Suppose -2*s = -3*s - 5. Let t = z - s. What are the prime factors of t?
2
Suppose -p = -5*j + 41, -5 = -3*p + 7. List the prime factors of j.
3
Let c(m) = 8*m + 2. Let u(w) = 7*w + 1. Let t(h) = 5*c(h) - 6*u(h). Suppose 0 = -2*a + 5*f - 3, a + 5*f = 6*a + 15. What are the prime factors of t(a)?
2, 3
Suppose 4*o - 3 = 37. Let t = o - 7. Suppose -a + 2*a - 9 = t*j, 0 = 4*a + j - 62. List the prime factors of a.
3, 5
Let s = -7 - -2. Let f(w) = -w**2 - 7*w. List the prime factors of f(s).
2, 5
Let j(h) = 22*h**2 - h. Let p be j(1). Let v = p + -9. Suppose 4*x = x + v. List the prime factors of x.
2
Suppose -27 = -h - 2*h. What are the prime factors of h?
3
Let q = -5 - -6. Let n be q + 22 + (-2 - -1). List the prime factors of n/5 - (-10)/(-25).
2
Suppose 4*c = -5 - 3, a - 4*c - 37 = 0. List the prime factors of a + (-9)/(-3) - 3.
29
Let s(j) = 2*j**3 - 3*j + 1. Let m be (-1)/(-4) - (-21)/12. Let h be s(m). Suppose -5*g + 19 = -h. What are the prime factors of g?
2, 3
Let v = 1 + -1. Let s = v - -2. What are the prime factors of (s/(-6))/((-3)/117)?
13
Suppose y = 13 - 0. Suppose -3*d - 4 = -y. What are the prime factors of d?
3
Let j be ((-4)/1)/((-1)/6). Suppose 5*u - 2*g + 52 = -6*g, -2 = -g. Let b = j + u. List the prime factors of b.
2, 3
Let a(h) = 4*h - 6. List the prime factors of a(6).
2, 3
Suppose 3*r - 7*r + 8 = 0. Suppose -r*u = -o - 0*u - 4, 16 = 5*o + 2*u. What are the prime factors of o?
2
Let j = 27 + 12. Suppose -110 = 5*v - 2*u, 0 = -v + 2*u - 3 - 19. Let n = v + j. What are the prime factors of n?
17
Let l(p) = 1. Let r(c) = -c - 1. Let x(u) = 6*l(u) - r(u). Let o be x(-8). Let d = o + 7. List the prime factors of d.
2, 3
Let q(o) = -2*o + 5. Let r be q(4). Let p = 16 + -22. List the prime factors of r/p*2*11.
11
Suppose 4*j = -4*d + 31 - 87, 2*d - 22 = 3*j. List the prime factors of (6 - 1)/((-2)/j).
5
List the prime factors of (-2)/13 + (-1)/(52/(-2244)).
43
Let a be (-2)/(-11) + 1875/33. Suppose 0 = 5*l - 23 - a. Suppose l - 4 = 2*k. What are the prime factors of k?
2, 3
Let d = 0 - -1. Let v be 1 + -14 - (d - -1). List the prime factors of (-3)/v - (-14)/5.
3
Let q = -12 + 8. Let r be (2 + 6/q)*-2. List the prime factors of (r/2)/((-1)/20).
2, 5
Let q(l) = l**3 + 27*l**2 - 31*l - 17. List the prime factors of q(-28).
67
Let p(m) = -2*m + 3*m + 3*m**2 - m + 3 - 4*m. Suppose -h + 4 = 2. List the prime factors of p(h).
7
Let g = 3 - -1. Suppose g*v = -2 + 58. What are the prime factors of v?
2, 7
Suppose 0 = -6*b + 5*b + 6. List the prime factors of 15/b*(-16)/(-5).
2
Let f be 0 + -8 - 1 - -1. Let y(g) = -g**2 - 7*g + 3. Let j be y(f). Let i = 12 + j. List the prime factors of i.
7
Suppose 4 + 4 = 2*l. Let z be -4*(25/l + -1). List the prime factors of ((-18)/21)/(3/z).
2, 3
Suppose -z + 3*i = 3*z - 408, 4*z - 408 = 2*i. Suppose 5*g = z + 38. List the prime factors of g.
2, 7
Let v(h) = h**3 - 6*h**2 - 7*h + 4. Let l be v(7). Suppose 0 = 4*w + p - 39, 0*p = l*w + 5*p - 51. List the prime factors of w.
3
Let d be (-2)/(-5) + 56/10. Suppose -2 = 2*v - 4. Let w = d + v. What are the prime factors of w?
7
Let g(d) = d**2 + 12*d - 6. Let u be g(-6). Let l be (20/30)/((-4)/u). Suppose 0*b - l = -b. List the prime factors of b.
7
Let q be (-9)/(-3) + -4 + 1. Suppose -5*p - g + 202 = -0*p, p - 3*g - 34 = q. List the prime factors of p.
2, 5
Let i(l) = 4*l**3 - 2*l**2 - 12*l + 7. Let g(c) = 11*c**3 - 7*c**2 - 35*c + 20. Let a(o) = -3*g(o) + 8*i(o). What are the prime factors of a(6)?
2, 7
Let k(n) = -6*n**3 + n**2 + 3*n + 2. What are the prime factors of k(-2)?
2, 3
Let r = 77 + 41. List the prime factors of r.
2, 59
Let k(d) = -d**2 - 14*d + 8. List the prime factors of k(-12).
2
Let y(v) = v**2 + v. Let q be y(-1). Let d = -2 - q. What are the prime factors of (-26)/d - (8 + -7)?
2, 3
Let z(f) = 3*f - 5. Let a be 0 + 1 + 5*1. List the prime factors of z(a).
13
Let a = 7 - 18. Let y = a - -33. List the prime factors of y.
2, 11
Let a = 3 + 2. Suppose 15 - 2 = b. Suppose o - 17 = -4*q, -a*q - 5*o + b = -o. List the prime factors of q.
5
Let d = -3 - -5. Suppose -2*q + 29 = 3*z, 3*z - d*q = -3*q + 31. Suppose 7*x + j - 50 = 2*x, -z = -4*x + 5*j. What are the prime factors of x?
3
Let s(m) = m**3 - 9*m**2 + 15*m + 16. List the prime factors of s(10).
2, 7, 19
Suppose -2*i + 15 - 1 = 0. List the prime factors of i.
7
Suppose -19 = 5*m - 49. Suppose 0*l = -l - m. What are the prime factors of (l/5)/((-2)/10)?
2, 3
Let j be (1 - (-2)/1)*19. Suppose 0 = -5*r + 3*m - 68, 5*m + 0*m = 4*r + j. Let o = -8 - r. List the prime factors of o.
5
Suppose 3*n - 9 = 24. Let i = -5 + n. List the prime factors of i.
2, 3
Let i = 25 - -135. List the prime factors of i.
2, 5
Let n(a) = 5*a + 1. Let s be n(1). Suppose 3*h - 9 = s. List the prime factors of h.
5
Suppose 4 = 4*l + y - 9, -4*y = 2*l - 10. Suppose 0*b - l*b + 93 = 0. Suppose 3*g - 5 = b. What are the prime factors of g?
2, 3
Suppose -3*v - 95 = -17. Let l = -14 - v. List the prime factors of l.
2, 3
Let u be (-124)/10 - 6/(-15). List the prime factors of (-6)/u*5*4.
2, 5
Suppose 5*r = -2*y + 130, r + 2*y + 1 - 19 = 0. List the prime factors of r.
2, 7
Let j(x) = x**3 + 7*x**2 - 4*x - 1. Let u be j(-7). Let q = u - 11. List the prime factors of q.
2
Let t be (-10)/30*0/2. Suppose t*d - 87 = -3*d. List the prime factors of d.
29
Let q(l) = -35*l - 38. List the prime factors of q(-6).
2, 43
Suppose 6*x - 9*x + 75 = 0. What are the prime factors of x?
5
List the prime factors of (-6 - -9)/(6/8).
2
Suppose 4 = 2*j - 4*a, -5*j + 3*a = -18 + 1. Suppose -j*g + 3*x = -2*x - 137, -36 = -2*g - 4*x. Suppose 37 = 5*r - g. List the prime factors of r.
13
Let d(a) = a**2 - 3*a + 4. Suppose 10 = z - 5*b, b = -4*z - b - 26. What are the prime factors of d(z)?
2, 11
Suppose -6*h + 4*h + 57 = f, 0 = 3*f - h - 143. List the prime factors of f.
7
Suppose -2*c - 2*f + 16 = 0, -2*c - 7*f + 22 = -3*f. Suppose -4 = -2*d - 0*d. Let g = c + d. What are the prime factors of g?
7
Let o = -52 - -82. Suppose o = 3*a - 5*m, -4*m + 10 = 5*a + m. What are the prime factors of a?
5
Suppose -5*c = 2*i - 51, 0 = 5*i + 2*c + 30 - 105. Suppose l + i = -5*a, -39 = -2*l + 2*a + a. List the prime factors of l.
2, 3
Suppose -3*s - 3*j - 9 = 0, -2*j = 3*s - 4*j - 6. Suppose s = -2*c - 1 + 11. Suppose c*i = 54 - 4. List the prime factors of i.
2, 5
What are the prime factors of ((-1)/(-2))/(1 - 86/88)?
2, 11
Let y(s) = -s**3 + 13*s**2 - 20*s - 3. List the prime factors of y(9).
3, 47
Let y be 0 + -3 + 1 + -2. Let c be 2/8 + (-11)/y. Suppose -f - c*f = 5*j - 35, -5*f + 100 = -5*j. What are the prime factors of f?
3, 5
Let z(q) = q**2 - 16*q - 4. What are the prime factors of z(28)?
2, 83
Let z = 11 - 8. Suppose 57 = z*h - 4*m, h - 4*h + 57 = 4*m. What are the prime factors of h?
19
Suppose 2*a + 2*g = -g - 3, -g = 5*a + 1. Suppose a + 4 = i. Let r = 8 + i. List the prime factors of r.
2, 3
Let d(n) = 2*n**2 + n + 4. Let c be d(-6). Let h = c + -37. List the prime factors of h.
3, 11
Suppose 0 = a - 4*a + 6. Let r(w) = -w**3 + 6*w**2 - 4*w + 3. What are the prime factors of r(a)?
11
Let p = -10 + 26. What are the prime factors of p?
2
Let g be 0 - 3*(-1 - -25). Let w = g - -111. What are the prime factors of w?
3, 13
Let y(z) = -z**2 + 9*z + 5. Let k be y(-7). Let v = 